{"id":1343,"date":"2022-05-24T10:59:49","date_gmt":"2022-05-24T10:59:49","guid":{"rendered":"https:\/\/www.academiadelasartesescenicas.es\/escueladeverano\/?page_id=1343"},"modified":"2022-05-25T12:01:19","modified_gmt":"2022-05-25T12:01:19","slug":"santiago-ontanon","status":"publish","type":"page","link":"https:\/\/www.academiadelasartesescenicas.es\/escueladeverano\/santiago-ontanon\/","title":{"rendered":"Sobre Santiago Onta\u00f1\u00f3n"},"content":{"rendered":"\n<p><\/p>\n\n\n\n<p><strong>1903.<\/strong> Nace en Santander.<\/p>\n\n\n\n<p><strong>1920.<\/strong> Asiste al estreno de <em>El maleficio de la mariposa<\/em>, de Garc\u00eda Lorca. Hace menci\u00f3n en sus memorias de que \u201cfue un desastre\u201d. Inicia su amistad con el poeta granadino. <\/p>\n\n\n\n<p><strong>1923.<\/strong> Hace en Par\u00eds una escenograf\u00eda para el ballet ruso de Boris Kaniasev.<\/p>\n\n\n\n<p>Es un conocido ilustrador en revistas, como <em>La Esfera, Nuevo Mundo<\/em> o <em>Revista de Occidente<\/em>. <\/p>\n\n\n\n<p><strong>1927. <\/strong>De vuelta en Madrid, dise\u00f1a las escenograf\u00edas de las zarzuelas <em>Las golondrinas<\/em>, de Usandizaga y Mart\u00ednez Sierra, y <em>La Revoltosa<\/em>, de Chap\u00ed y Fern\u00e1ndez Shaw-L\u00f3pez Silva.<\/p>\n\n\n\n<p><strong>1931.<\/strong> Actor en la pel\u00edcula <em>El embrujo de Sevilla<\/em>, de Benito Perojo.&nbsp;<\/p>\n\n\n\n<p><strong>1933.<\/strong> Escenograf\u00eda de <em>Bodas de sangre<\/em>, de Garc\u00eda Lorca, por la compa\u00f1\u00eda de Josefina D\u00edaz.<\/p>\n\n\n\n<p><strong>1934. <\/strong>Escenograf\u00eda de <em>Usted tiene ojos de mujer fatal<\/em>, de Jardiel Poncela. En estos a\u00f1os hace el reestreno de <em>El sombrero de tres picos<\/em>, de Falla; el&nbsp;decorado de <em>La tierra de Alvargonz\u00e1lez<\/em>, poema de Antonio Machado para La&nbsp;Barraca; y colabora con el teatro de gui\u00f1ol La Tarumba, de Miguel Prieto.<\/p>\n\n\n\n<p><strong>1935.<\/strong> Dirige la pel\u00edcula <em>Los Claveles<\/em>.<\/p>\n\n\n\n<p><strong>1937.<\/strong> Escenograf\u00eda de <em>Amor de don Perlimpl\u00edn con Belisa en su jard\u00edn<\/em>, de Garc\u00eda Lorca, a cargo de Anf\u00edstora, grupo animado por Pura Ucelay. Adem\u00e1s de los decorados, Onta\u00f1\u00f3n interpret\u00f3 el protagonista, don Perlimpl\u00edn.<\/p>\n\n\n\n<p><strong>1938.<\/strong> Escenograf\u00eda de <em>Numancia<\/em>, de Cervantes, versi\u00f3n de Alberti, y <em>La tragedia optimista<\/em>, de Vichnevski, ambas dirigidas por Mar\u00eda Teresa Le\u00f3n, en el Teatro de la Zarzuela de Madrid. Participa en El Mozo Azul, en donde publica <em>Experiencia personal<\/em>. Para el&nbsp;Teatro de Urgencia de las Guerrillas del Teatro escribe <em>El saboteador, La guasa<\/em> y <em>El bulo<\/em>.<\/p>\n\n\n\n<p><strong>1940.<\/strong> Exilio en Chile. Matrimonio con Nana Bell. Coincide con Margarita Xirgu, a la que acompa\u00f1a en Uruguay y Argentina.&nbsp;<\/p>\n\n\n\n<p><strong>1944.<\/strong> Escenograf\u00eda de <em>El adefesio<\/em>, de Alberti, y <em>La dama del alba<\/em>, de Casona. Contin\u00faa sus trabajos como ilustrador. Regresa a Espa\u00f1a en donde llegar\u00e1 a realizar casi un centenar de escenograf\u00edas. Interviene como actor en muchas pel\u00edculas, como <em>El verdugo<\/em> (1963), de Berlanga; <em>De cuerpo presente<\/em> (1967), de Eceiza; <em>Variet\u00e9s<\/em> (1971), de Bardem; <em>Cinco tenedores<\/em> (1979), de Fern\u00e1n G\u00f3mez, etc. De este tenemos la siguiente descripci\u00f3n de Onta\u00f1\u00f3n: \u201cHombre leal, inteligente, libre, generoso, ingenioso, entra\u00f1able, apasionado, rebosante de amor y amores, un amor y unos amores a los que \u00e9l, fiel a su modestia, llama amistad\u201d.<\/p>\n\n\n\n<p><strong>1988.<\/strong> Publica sus memorias, con el t\u00edtulo <em>Unos pocos amigos verdaderos<\/em>.<\/p>\n\n\n\n<p><strong>1989.<\/strong> Fallece en Madrid.<\/p>\n","protected":false},"excerpt":{"rendered":"","protected":false},"author":1,"featured_media":0,"parent":0,"menu_order":0,"comment_status":"closed","ping_status":"closed","template":"","meta":{"_generate-full-width-content":"","footnotes":""},"class_list":["post-1343","page","type-page","status-publish"],"_links":{"self":[{"href":"https:\/\/www.academiadelasartesescenicas.es\/escueladeverano\/wp-json\/wp\/v2\/pages\/1343","targetHints":{"allow":["GET"]}}],"collection":[{"href":"https:\/\/www.academiadelasartesescenicas.es\/escueladeverano\/wp-json\/wp\/v2\/pages"}],"about":[{"href":"https:\/\/www.academiadelasartesescenicas.es\/escueladeverano\/wp-json\/wp\/v2\/types\/page"}],"author":[{"embeddable":true,"href":"https:\/\/www.academiadelasartesescenicas.es\/escueladeverano\/wp-json\/wp\/v2\/users\/1"}],"replies":[{"embeddable":true,"href":"https:\/\/www.academiadelasartesescenicas.es\/escueladeverano\/wp-json\/wp\/v2\/comments?post=1343"}],"version-history":[{"count":5,"href":"https:\/\/www.academiadelasartesescenicas.es\/escueladeverano\/wp-json\/wp\/v2\/pages\/1343\/revisions"}],"predecessor-version":[{"id":1508,"href":"https:\/\/www.academiadelasartesescenicas.es\/escueladeverano\/wp-json\/wp\/v2\/pages\/1343\/revisions\/1508"}],"wp:attachment":[{"href":"https:\/\/www.academiadelasartesescenicas.es\/escueladeverano\/wp-json\/wp\/v2\/media?parent=1343"}],"curies":[{"name":"wp","href":"https:\/\/api.w.org\/{rel}","templated":true}]}}

Sobre Santiago Ontañón

<p></p>



<p><strong>1903.</strong> Nace en Santander.</p>



<p><strong>1920.</strong> Asiste al estreno de <em>El maleficio de la mariposa</em>, de García Lorca. Hace mención en sus memorias de que “fue un desastre”. Inicia su amistad con el poeta granadino. </p>



<p><strong>1923.</strong> Hace en París una escenografía para el ballet ruso de Boris Kaniasev.</p>



<p>Es un conocido ilustrador en revistas, como <em>La Esfera, Nuevo Mundo</em> o <em>Revista de Occidente</em>. </p>



<p><strong>1927. </strong>De vuelta en Madrid, diseña las escenografías de las zarzuelas <em>Las golondrinas</em>, de Usandizaga y Martínez Sierra, y <em>La Revoltosa</em>, de Chapí y Fernández Shaw-López Silva.</p>



<p><strong>1931.</strong> Actor en la película <em>El embrujo de Sevilla</em>, de Benito Perojo.&nbsp;</p>



<p><strong>1933.</strong> Escenografía de <em>Bodas de sangre</em>, de García Lorca, por la compañía de Josefina Díaz.</p>



<p><strong>1934. </strong>Escenografía de <em>Usted tiene ojos de mujer fatal</em>, de Jardiel Poncela. En estos años hace el reestreno de <em>El sombrero de tres picos</em>, de Falla; el&nbsp;decorado de <em>La tierra de Alvargonzález</em>, poema de Antonio Machado para La&nbsp;Barraca; y colabora con el teatro de guiñol La Tarumba, de Miguel Prieto.</p>



<p><strong>1935.</strong> Dirige la película <em>Los Claveles</em>.</p>



<p><strong>1937.</strong> Escenografía de <em>Amor de don Perlimplín con Belisa en su jardín</em>, de García Lorca, a cargo de Anfístora, grupo animado por Pura Ucelay. Además de los decorados, Ontañón interpretó el protagonista, don Perlimplín.</p>



<p><strong>1938.</strong> Escenografía de <em>Numancia</em>, de Cervantes, versión de Alberti, y <em>La tragedia optimista</em>, de Vichnevski, ambas dirigidas por María Teresa León, en el Teatro de la Zarzuela de Madrid. Participa en El Mozo Azul, en donde publica <em>Experiencia personal</em>. Para el&nbsp;Teatro de Urgencia de las Guerrillas del Teatro escribe <em>El saboteador, La guasa</em> y <em>El bulo</em>.</p>



<p><strong>1940.</strong> Exilio en Chile. Matrimonio con Nana Bell. Coincide con Margarita Xirgu, a la que acompaña en Uruguay y Argentina.&nbsp;</p>



<p><strong>1944.</strong> Escenografía de <em>El adefesio</em>, de Alberti, y <em>La dama del alba</em>, de Casona. Continúa sus trabajos como ilustrador. Regresa a España en donde llegará a realizar casi un centenar de escenografías. Interviene como actor en muchas películas, como <em>El verdugo</em> (1963), de Berlanga; <em>De cuerpo presente</em> (1967), de Eceiza; <em>Varietés</em> (1971), de Bardem; <em>Cinco tenedores</em> (1979), de Fernán Gómez, etc. De este tenemos la siguiente descripción de Ontañón: “Hombre leal, inteligente, libre, generoso, ingenioso, entrañable, apasionado, rebosante de amor y amores, un amor y unos amores a los que él, fiel a su modestia, llama amistad”.</p>



<p><strong>1988.</strong> Publica sus memorias, con el título <em>Unos pocos amigos verdaderos</em>.</p>



<p><strong>1989.</strong> Fallece en Madrid.</p>
