{"id":1829,"date":"2023-05-11T09:32:32","date_gmt":"2023-05-11T09:32:32","guid":{"rendered":"https:\/\/www.academiadelasartesescenicas.es\/escueladeverano\/?page_id=1829"},"modified":"2023-06-30T12:38:47","modified_gmt":"2023-06-30T12:38:47","slug":"programacion","status":"publish","type":"page","link":"https:\/\/www.academiadelasartesescenicas.es\/escueladeverano\/programacion\/","title":{"rendered":"Programaci\u00f3n V Escuela de Verano"},"content":{"rendered":"<div class=\"gb-button-wrapper gb-button-wrapper-85937071\">\n\n<a class=\"gb-button gb-button-81da5bb5 gb-button-text\" href=\"https:\/\/www.academiadelasartesescenicas.es\/escueladeverano\/actividades-abiertas-al-publico\/\">VER PROGRAMACI\u00d3N DE ACTIVIDADES ABIERTAS AL P\u00daBLICO<\/a>\n\n<\/div>\n\n\n<p><\/p>\n\n\n\n<p>La V Escuela de Verano se estructura en dos bloques: durante las ma\u00f1anas se celebrar\u00e1n <strong>conferencias y charlas abiertas al p\u00fablico<\/strong>, en las que participar\u00e1n profesionales y te\u00f3ricos de las artes esc\u00e9nicas con una s\u00f3lida carrera como Antonina Rodrigo, Pepa Pedroche, C\u00e9sar Oliva o Julio Checa.\u00a0<\/p>\n\n\n\n<p>Durante estas conferencias, se explorar\u00e1n las <strong>figuras de importantes personalidades del teatro<\/strong> (Lorca, Margarita Xirgu o Catalina B\u00e1rcena), as\u00ed como los or\u00edgenes de la moderna interpretaci\u00f3n, sin olvidar la danza inclusiva y la transformaci\u00f3n social o la l\u00edrica. Tambi\u00e9n nos acercaremos al teatro alternativo de la mano de cuatro compa\u00f1\u00edas.<\/p>\n\n\n\n<div style=\"position: relative; width: 100%; height: 0; padding-top: 141.4286%;\n padding-bottom: 0; box-shadow: 0 2px 8px 0 rgba(63,69,81,0.16); margin-top: 1.6em; margin-bottom: 0.9em; overflow: hidden;\n border-radius: 8px; will-change: transform;\">\n  <iframe loading=\"lazy\" style=\"position: absolute; width: 100%; height: 100%; top: 0; left: 0; border: none; padding: 0;margin: 0;\" src=\"https:\/\/www.canva.com\/design\/DAFk9NwgOEM\/view?embed\" allowfullscreen=\"allowfullscreen\" allow=\"fullscreen\">\n  <\/iframe>\n<\/div>\n<a href=\"https:\/\/www.canva.com\/design\/DAFk9NwgOEM\/view?utm_content=DAFk9NwgOEM&amp;utm_campaign=designshare&amp;utm_medium=embeds&amp;utm_source=link\" target=\"_blank\" rel=\"noopener\">Programa V Escuela de Verano<\/a>\n\n\n\n<p><\/p>\n\n\n\n<p>Por las tardes tendr\u00e1n lugar cuatro talleres de creaci\u00f3n e interpretaci\u00f3n esc\u00e9nica con una duraci\u00f3n de dos d\u00edas cada uno. &nbsp;<\/p>\n\n\n\n<p>Los dos primeros d\u00edas \u00c1lvaro Tato estar\u00e1 a cargo de El verso por dentro, un <strong>taller de creaci\u00f3n esc\u00e9nica dedicado al verso<\/strong>. Simult\u00e1neamente Pepa Pedroche <strong>llevar\u00e1 a cabo el taller de interpretaci\u00f3n Interpretando a Lorca<\/strong>. Quienes se matriculen en la V Escuela de Verano tendr\u00e1n la oportunidad de elegir entre estos dos talleres el lunes y el martes.<\/p>\n\n\n\n<p>Los talleres del jueves y el viernes, tambi\u00e9n a elegir, ser\u00e1n impartidos por el actor Jes\u00fas Noguero, que propondr\u00e1 una aproximaci\u00f3n al esperpento y Alejandra L\u00f3pez Segovia que trabajar\u00e1 sobre La tragedia c\u00f3mica: el humor seg\u00fan Las Ni\u00f1as de C\u00e1diz, la compa\u00f1\u00eda de teatro de la que forma parte.&nbsp;<\/p>\n\n\n\n<p>Para cerrar cada jornada se han preparado <strong><a href=\"https:\/\/www.academiadelasartesescenicas.es\/escueladeverano\/actividades-abiertas-al-publico\/\">actividades de ocio cultural abiertas al p\u00fablico<\/a><\/strong>: el lunes a las 20:00h una nueva entrega de Memoria Viva con los Mier, la santanderina familia de m\u00fasicos esc\u00e9nicos, moderada por Paco Valcarce, el martes a las 21:00h la proyecci\u00f3n de <em><a href=\"https:\/\/academiadelasartesescenicas.es\/470-la-academia-estrena-el-documental-empunando-el-alma-ensayando-con-lluis-pasqual\/\">Empu\u00f1ando el Alma<\/a><\/em>, el premiado documental producido por la Academia que muestra el proceso creativo de Llu\u00eds Pasqual, y la representaci\u00f3n de la pieza teatral <em>Yo, Jos\u00e9 Hierro<\/em> el mi\u00e9rcoles a las 20:00h.<\/p>\n\n\n<div class=\"gb-button-wrapper gb-button-wrapper-1e84a189\"><\/div>","protected":false},"excerpt":{"rendered":"","protected":false},"author":1,"featured_media":0,"parent":0,"menu_order":0,"comment_status":"closed","ping_status":"closed","template":"","meta":{"_generate-full-width-content":"","footnotes":""},"class_list":["post-1829","page","type-page","status-publish"],"_links":{"self":[{"href":"https:\/\/www.academiadelasartesescenicas.es\/escueladeverano\/wp-json\/wp\/v2\/pages\/1829","targetHints":{"allow":["GET"]}}],"collection":[{"href":"https:\/\/www.academiadelasartesescenicas.es\/escueladeverano\/wp-json\/wp\/v2\/pages"}],"about":[{"href":"https:\/\/www.academiadelasartesescenicas.es\/escueladeverano\/wp-json\/wp\/v2\/types\/page"}],"author":[{"embeddable":true,"href":"https:\/\/www.academiadelasartesescenicas.es\/escueladeverano\/wp-json\/wp\/v2\/users\/1"}],"replies":[{"embeddable":true,"href":"https:\/\/www.academiadelasartesescenicas.es\/escueladeverano\/wp-json\/wp\/v2\/comments?post=1829"}],"version-history":[{"count":46,"href":"https:\/\/www.academiadelasartesescenicas.es\/escueladeverano\/wp-json\/wp\/v2\/pages\/1829\/revisions"}],"predecessor-version":[{"id":2216,"href":"https:\/\/www.academiadelasartesescenicas.es\/escueladeverano\/wp-json\/wp\/v2\/pages\/1829\/revisions\/2216"}],"wp:attachment":[{"href":"https:\/\/www.academiadelasartesescenicas.es\/escueladeverano\/wp-json\/wp\/v2\/media?parent=1829"}],"curies":[{"name":"wp","href":"https:\/\/api.w.org\/{rel}","templated":true}]}}

Programación V Escuela de Verano

<div class="gb-button-wrapper gb-button-wrapper-85937071">

<a class="gb-button gb-button-81da5bb5 gb-button-text" href="https://www.academiadelasartesescenicas.es/escueladeverano/actividades-abiertas-al-publico/">VER PROGRAMACIÓN DE ACTIVIDADES ABIERTAS AL PÚBLICO</a>

</div>


<p></p>



<p>La V Escuela de Verano se estructura en dos bloques: durante las mañanas se celebrarán <strong>conferencias y charlas abiertas al público</strong>, en las que participarán profesionales y teóricos de las artes escénicas con una sólida carrera como Antonina Rodrigo, Pepa Pedroche, César Oliva o Julio Checa. </p>



<p>Durante estas conferencias, se explorarán las <strong>figuras de importantes personalidades del teatro</strong> (Lorca, Margarita Xirgu o Catalina Bárcena), así como los orígenes de la moderna interpretación, sin olvidar la danza inclusiva y la transformación social o la lírica. También nos acercaremos al teatro alternativo de la mano de cuatro compañías.</p>



<div style="position: relative; width: 100%; height: 0; padding-top: 141.4286%;
 padding-bottom: 0; box-shadow: 0 2px 8px 0 rgba(63,69,81,0.16); margin-top: 1.6em; margin-bottom: 0.9em; overflow: hidden;
 border-radius: 8px; will-change: transform;">
  <iframe loading="lazy" style="position: absolute; width: 100%; height: 100%; top: 0; left: 0; border: none; padding: 0;margin: 0;" src="https://www.canva.com/design/DAFk9NwgOEM/view?embed" allowfullscreen="allowfullscreen" allow="fullscreen">
  </iframe>
</div>
<a href="https://www.canva.com/design/DAFk9NwgOEM/view?utm_content=DAFk9NwgOEM&amp;utm_campaign=designshare&amp;utm_medium=embeds&amp;utm_source=link" target="_blank" rel="noopener">Programa V Escuela de Verano</a>



<p></p>



<p>Por las tardes tendrán lugar cuatro talleres de creación e interpretación escénica con una duración de dos días cada uno. &nbsp;</p>



<p>Los dos primeros días Álvaro Tato estará a cargo de El verso por dentro, un <strong>taller de creación escénica dedicado al verso</strong>. Simultáneamente Pepa Pedroche <strong>llevará a cabo el taller de interpretación Interpretando a Lorca</strong>. Quienes se matriculen en la V Escuela de Verano tendrán la oportunidad de elegir entre estos dos talleres el lunes y el martes.</p>



<p>Los talleres del jueves y el viernes, también a elegir, serán impartidos por el actor Jesús Noguero, que propondrá una aproximación al esperpento y Alejandra López Segovia que trabajará sobre La tragedia cómica: el humor según Las Niñas de Cádiz, la compañía de teatro de la que forma parte.&nbsp;</p>



<p>Para cerrar cada jornada se han preparado <strong><a href="https://www.academiadelasartesescenicas.es/escueladeverano/actividades-abiertas-al-publico/">actividades de ocio cultural abiertas al público</a></strong>: el lunes a las 20:00h una nueva entrega de Memoria Viva con los Mier, la santanderina familia de músicos escénicos, moderada por Paco Valcarce, el martes a las 21:00h la proyección de <em><a href="https://academiadelasartesescenicas.es/470-la-academia-estrena-el-documental-empunando-el-alma-ensayando-con-lluis-pasqual/">Empuñando el Alma</a></em>, el premiado documental producido por la Academia que muestra el proceso creativo de Lluís Pasqual, y la representación de la pieza teatral <em>Yo, José Hierro</em> el miércoles a las 20:00h.</p>


<div class="gb-button-wrapper gb-button-wrapper-1e84a189"></div>
