{"id":2198,"date":"2023-06-30T12:22:45","date_gmt":"2023-06-30T12:22:45","guid":{"rendered":"https:\/\/www.academiadelasartesescenicas.es\/escueladeverano\/?page_id=2198"},"modified":"2023-07-04T08:20:05","modified_gmt":"2023-07-04T08:20:05","slug":"actividades-abiertas-al-publico","status":"publish","type":"page","link":"https:\/\/www.academiadelasartesescenicas.es\/escueladeverano\/actividades-abiertas-al-publico\/","title":{"rendered":"Actividades abiertas al p\u00fablico"},"content":{"rendered":"\n<p><em>*Estas actividades son abiertas al p\u00fablico. La entrada ser\u00e1 libre hasta completar el aforo<\/em><\/p>\n\n\n\n<div class=\"wp-block-columns is-layout-flex wp-container-core-columns-is-layout-9d6595d7 wp-block-columns-is-layout-flex\">\n<div class=\"wp-block-column is-layout-flow wp-block-column-is-layout-flow\">\n<p><\/p>\n\n\n\n<p>Lunes 3 de julio a las 20:00h<\/p>\n<\/div>\n\n\n\n<div class=\"wp-block-column is-layout-flow wp-block-column-is-layout-flow\">\n<p><\/p>\n\n\n\n<p>Martes 4 de julio a las 21:00h<\/p>\n<\/div>\n\n\n\n<div class=\"wp-block-column is-layout-flow wp-block-column-is-layout-flow\">\n<p><\/p>\n\n\n\n<p>Mi\u00e9rcoles 5 de julio a las 20:00h<\/p>\n<\/div>\n<\/div>\n\n\n\n<div class=\"wp-block-columns is-layout-flex wp-container-core-columns-is-layout-9d6595d7 wp-block-columns-is-layout-flex\">\n<div class=\"wp-block-column is-layout-flow wp-block-column-is-layout-flow\">\n<figure class=\"wp-block-image size-full is-resized\"><a href=\"https:\/\/es.wikipedia.org\/wiki\/Juanjo_Mier_C%C3%A1raves\"><img loading=\"lazy\" decoding=\"async\" src=\"https:\/\/www.academiadelasartesescenicas.es\/escueladeverano\/wp-content\/uploads\/2023\/06\/1019px-Juanjo_Mier_en_una_rueda_de_prensa_en_1996.jpg\" alt=\"De Juanjo Mier - Trabajo propio, CC BY-SA 4.0, https:\/\/commons.wikimedia.org\/w\/index.php?curid=47634442\" class=\"wp-image-2200\" width=\"369\" height=\"260\" srcset=\"https:\/\/www.academiadelasartesescenicas.es\/escueladeverano\/wp-content\/uploads\/2023\/06\/1019px-Juanjo_Mier_en_una_rueda_de_prensa_en_1996.jpg 1019w, https:\/\/www.academiadelasartesescenicas.es\/escueladeverano\/wp-content\/uploads\/2023\/06\/1019px-Juanjo_Mier_en_una_rueda_de_prensa_en_1996-300x212.jpg 300w, https:\/\/www.academiadelasartesescenicas.es\/escueladeverano\/wp-content\/uploads\/2023\/06\/1019px-Juanjo_Mier_en_una_rueda_de_prensa_en_1996-768x543.jpg 768w\" sizes=\"auto, (max-width: 369px) 100vw, 369px\" \/><\/a><\/figure>\n<\/div>\n\n\n\n<div class=\"wp-block-column is-layout-flow wp-block-column-is-layout-flow\">\n<figure class=\"wp-block-image size-large is-resized\"><img loading=\"lazy\" decoding=\"async\" src=\"https:\/\/www.academiadelasartesescenicas.es\/escueladeverano\/wp-content\/uploads\/2023\/06\/documental-lluis-pasqual-academia_cartel-web-e1688127196128-1024x627.png\" alt=\"\" class=\"wp-image-2202\" width=\"369\" height=\"225\" srcset=\"https:\/\/www.academiadelasartesescenicas.es\/escueladeverano\/wp-content\/uploads\/2023\/06\/documental-lluis-pasqual-academia_cartel-web-e1688127196128-1024x627.png 1024w, https:\/\/www.academiadelasartesescenicas.es\/escueladeverano\/wp-content\/uploads\/2023\/06\/documental-lluis-pasqual-academia_cartel-web-e1688127196128-300x184.png 300w, https:\/\/www.academiadelasartesescenicas.es\/escueladeverano\/wp-content\/uploads\/2023\/06\/documental-lluis-pasqual-academia_cartel-web-e1688127196128-768x470.png 768w, https:\/\/www.academiadelasartesescenicas.es\/escueladeverano\/wp-content\/uploads\/2023\/06\/documental-lluis-pasqual-academia_cartel-web-e1688127196128.png 1041w\" sizes=\"auto, (max-width: 369px) 100vw, 369px\" \/><\/figure>\n<\/div>\n\n\n\n<div class=\"wp-block-column is-layout-flow wp-block-column-is-layout-flow\">\n<figure class=\"wp-block-image size-large\"><img loading=\"lazy\" decoding=\"async\" width=\"1024\" height=\"683\" src=\"https:\/\/www.academiadelasartesescenicas.es\/escueladeverano\/wp-content\/uploads\/2023\/06\/AZ_0575-1024x683.jpg\" alt=\"\" class=\"wp-image-2204\" srcset=\"https:\/\/www.academiadelasartesescenicas.es\/escueladeverano\/wp-content\/uploads\/2023\/06\/AZ_0575-1024x683.jpg 1024w, https:\/\/www.academiadelasartesescenicas.es\/escueladeverano\/wp-content\/uploads\/2023\/06\/AZ_0575-300x200.jpg 300w, https:\/\/www.academiadelasartesescenicas.es\/escueladeverano\/wp-content\/uploads\/2023\/06\/AZ_0575-768x512.jpg 768w, https:\/\/www.academiadelasartesescenicas.es\/escueladeverano\/wp-content\/uploads\/2023\/06\/AZ_0575-1536x1024.jpg 1536w, https:\/\/www.academiadelasartesescenicas.es\/escueladeverano\/wp-content\/uploads\/2023\/06\/AZ_0575-2048x1365.jpg 2048w\" sizes=\"auto, (max-width: 1024px) 100vw, 1024px\" \/><\/figure>\n<\/div>\n<\/div>\n\n\n\n<div class=\"wp-block-columns is-layout-flex wp-container-core-columns-is-layout-9d6595d7 wp-block-columns-is-layout-flex\">\n<div class=\"wp-block-column is-layout-flow wp-block-column-is-layout-flow\">\n<p><strong>CICLO MEMORIA VIVA<\/strong><\/p>\n\n\n\n<p><a href=\"https:\/\/es.wikipedia.org\/wiki\/Juanjo_Mier_C%C3%A1raves\">\u00abFamilia Mier: escena y m\u00fasica\u00bb<\/a><\/p>\n\n\n\n<p>Presenta Paco Valcarce<\/p>\n\n\n\n<p><a href=\"https:\/\/filmotecacantabria.es\/es\/\">Filmoteca de Cantabria<\/a><\/p>\n\n\n\n<p>La familia Mier, nos habla del legado moral y art\u00edstico heredado de <a href=\"https:\/\/www.juanjosemier.com\/\">Juan Jos\u00e9 Mier<\/a>, docente y compositor de m\u00fasica esc\u00e9nica que desarroll\u00f3 gran parte de su carrera en Santander.<\/p>\n\n\n<div class=\"gb-button-wrapper gb-button-wrapper-0030dd78\">\n\n<a class=\"gb-button gb-button-e035a789 gb-button-text\" href=\"https:\/\/www.juanjosemier.com\/\">Saber m\u00e1s<\/a>\n\n<\/div><\/div>\n\n\n\n<div class=\"wp-block-column is-layout-flow wp-block-column-is-layout-flow\">\n<p><strong>DOCUMENTAL<\/strong><\/p>\n\n\n\n<p><a href=\"https:\/\/academiadelasartesescenicas.es\/470-la-academia-estrena-el-documental-empunando-el-alma-ensayando-con-lluis-pasqual\/\">Empu\u00f1ando el alma: ensayando con Llu\u00eds Pasqual<\/a><\/p>\n\n\n\n<p>de Arantxa Vela<\/p>\n\n\n\n<p><a rel=\"noreferrer noopener\" href=\"https:\/\/filmotecacantabria.es\/es\/\" target=\"_blank\">Filmoteca de Cantabria<\/a><\/p>\n\n\n\n<p><em>Empu\u00f1ando el alma: Ensayando con Llu\u00eds Pascual<\/em>\u00a0es un proyecto que nace en 2018, a iniciativa de la especialidad de Direcci\u00f3n de la Academia, y versa sobre el trabajo de direcci\u00f3n del Acad\u00e9mico de Honor Llu\u00eds Pasqual en la puesta en escena de\u00a0<em>El sue\u00f1o de la vida<\/em>, del acad\u00e9mico Alberto Conejero, obra ensayada y representada en el Teatro Espa\u00f1ol.\u00a0<\/p>\n<\/div>\n\n\n\n<div class=\"wp-block-column is-layout-flow wp-block-column-is-layout-flow\">\n<p><strong>TEATRO<\/strong><\/p>\n\n\n\n<p><em>Yo, Jos\u00e9 Hierro<\/em><\/p>\n\n\n\n<p>La Machina Teatro<\/p>\n\n\n\n<p>Palacio de Festivales, Sala Pereda<\/p>\n\n\n\n<p>En el a\u00f1o 2000, La Machina Teatro realiz\u00f3 una producci\u00f3n dedicada a la obra po\u00e9tica de Jos\u00e9 Hierro. Con el t\u00edtulo de \u201cPalabra de Hierro\u201d, se trata del \u00fanico espect\u00e1culo esc\u00e9nico creado en vida del poeta, y donde \u00e9l mismo colabor\u00f3 en el<br>montaje proporcionando abundante material gr\u00e1fico, realizando el cartel original, escribiendo de su pu\u00f1o y letra las letras del abecedario y prestando su voz grabada. El estreno, al que Hierro asisti\u00f3 emocionado, tuvo lugar en el<br>Teatro de Caja Cantabria en Santander (actual CASYC) y, posteriormente, se present\u00f3 en la programaci\u00f3n de la U.I.M.P. (donde Pepe Hierro volvi\u00f3 a ser un espectador de excepci\u00f3n), realiz\u00e1ndose tambi\u00e9n gira por todo el territorio<br>nacional en distintas localidades de Cantabria, Galicia, Asturias, Pa\u00eds Vasco,<br>Navarra, Castilla y Le\u00f3n, Castilla-La Mancha, Extremadura, Andaluc\u00eda, Murcia y Madrid.<\/p>\n<\/div>\n<\/div>\n","protected":false},"excerpt":{"rendered":"","protected":false},"author":1,"featured_media":0,"parent":0,"menu_order":0,"comment_status":"closed","ping_status":"closed","template":"","meta":{"_generate-full-width-content":"","footnotes":""},"class_list":["post-2198","page","type-page","status-publish"],"_links":{"self":[{"href":"https:\/\/www.academiadelasartesescenicas.es\/escueladeverano\/wp-json\/wp\/v2\/pages\/2198","targetHints":{"allow":["GET"]}}],"collection":[{"href":"https:\/\/www.academiadelasartesescenicas.es\/escueladeverano\/wp-json\/wp\/v2\/pages"}],"about":[{"href":"https:\/\/www.academiadelasartesescenicas.es\/escueladeverano\/wp-json\/wp\/v2\/types\/page"}],"author":[{"embeddable":true,"href":"https:\/\/www.academiadelasartesescenicas.es\/escueladeverano\/wp-json\/wp\/v2\/users\/1"}],"replies":[{"embeddable":true,"href":"https:\/\/www.academiadelasartesescenicas.es\/escueladeverano\/wp-json\/wp\/v2\/comments?post=2198"}],"version-history":[{"count":5,"href":"https:\/\/www.academiadelasartesescenicas.es\/escueladeverano\/wp-json\/wp\/v2\/pages\/2198\/revisions"}],"predecessor-version":[{"id":2229,"href":"https:\/\/www.academiadelasartesescenicas.es\/escueladeverano\/wp-json\/wp\/v2\/pages\/2198\/revisions\/2229"}],"wp:attachment":[{"href":"https:\/\/www.academiadelasartesescenicas.es\/escueladeverano\/wp-json\/wp\/v2\/media?parent=2198"}],"curies":[{"name":"wp","href":"https:\/\/api.w.org\/{rel}","templated":true}]}}

Actividades abiertas al público

<p><em>*Estas actividades son abiertas al público. La entrada será libre hasta completar el aforo</em></p>



<div class="wp-block-columns is-layout-flex wp-container-core-columns-is-layout-9d6595d7 wp-block-columns-is-layout-flex">
<div class="wp-block-column is-layout-flow wp-block-column-is-layout-flow">
<p></p>



<p>Lunes 3 de julio a las 20:00h</p>
</div>



<div class="wp-block-column is-layout-flow wp-block-column-is-layout-flow">
<p></p>



<p>Martes 4 de julio a las 21:00h</p>
</div>



<div class="wp-block-column is-layout-flow wp-block-column-is-layout-flow">
<p></p>



<p>Miércoles 5 de julio a las 20:00h</p>
</div>
</div>



<div class="wp-block-columns is-layout-flex wp-container-core-columns-is-layout-9d6595d7 wp-block-columns-is-layout-flex">
<div class="wp-block-column is-layout-flow wp-block-column-is-layout-flow">
<figure class="wp-block-image size-full is-resized"><a href="https://es.wikipedia.org/wiki/Juanjo_Mier_C%C3%A1raves"><img loading="lazy" decoding="async" src="https://www.academiadelasartesescenicas.es/escueladeverano/wp-content/uploads/2023/06/1019px-Juanjo_Mier_en_una_rueda_de_prensa_en_1996.jpg" alt="De Juanjo Mier - Trabajo propio, CC BY-SA 4.0, https://commons.wikimedia.org/w/index.php?curid=47634442" class="wp-image-2200" width="369" height="260" srcset="https://www.academiadelasartesescenicas.es/escueladeverano/wp-content/uploads/2023/06/1019px-Juanjo_Mier_en_una_rueda_de_prensa_en_1996.jpg 1019w, https://www.academiadelasartesescenicas.es/escueladeverano/wp-content/uploads/2023/06/1019px-Juanjo_Mier_en_una_rueda_de_prensa_en_1996-300x212.jpg 300w, https://www.academiadelasartesescenicas.es/escueladeverano/wp-content/uploads/2023/06/1019px-Juanjo_Mier_en_una_rueda_de_prensa_en_1996-768x543.jpg 768w" sizes="auto, (max-width: 369px) 100vw, 369px" /></a></figure>
</div>



<div class="wp-block-column is-layout-flow wp-block-column-is-layout-flow">
<figure class="wp-block-image size-large is-resized"><img loading="lazy" decoding="async" src="https://www.academiadelasartesescenicas.es/escueladeverano/wp-content/uploads/2023/06/documental-lluis-pasqual-academia_cartel-web-e1688127196128-1024x627.png" alt="" class="wp-image-2202" width="369" height="225" srcset="https://www.academiadelasartesescenicas.es/escueladeverano/wp-content/uploads/2023/06/documental-lluis-pasqual-academia_cartel-web-e1688127196128-1024x627.png 1024w, https://www.academiadelasartesescenicas.es/escueladeverano/wp-content/uploads/2023/06/documental-lluis-pasqual-academia_cartel-web-e1688127196128-300x184.png 300w, https://www.academiadelasartesescenicas.es/escueladeverano/wp-content/uploads/2023/06/documental-lluis-pasqual-academia_cartel-web-e1688127196128-768x470.png 768w, https://www.academiadelasartesescenicas.es/escueladeverano/wp-content/uploads/2023/06/documental-lluis-pasqual-academia_cartel-web-e1688127196128.png 1041w" sizes="auto, (max-width: 369px) 100vw, 369px" /></figure>
</div>



<div class="wp-block-column is-layout-flow wp-block-column-is-layout-flow">
<figure class="wp-block-image size-large"><img loading="lazy" decoding="async" width="1024" height="683" src="https://www.academiadelasartesescenicas.es/escueladeverano/wp-content/uploads/2023/06/AZ_0575-1024x683.jpg" alt="" class="wp-image-2204" srcset="https://www.academiadelasartesescenicas.es/escueladeverano/wp-content/uploads/2023/06/AZ_0575-1024x683.jpg 1024w, https://www.academiadelasartesescenicas.es/escueladeverano/wp-content/uploads/2023/06/AZ_0575-300x200.jpg 300w, https://www.academiadelasartesescenicas.es/escueladeverano/wp-content/uploads/2023/06/AZ_0575-768x512.jpg 768w, https://www.academiadelasartesescenicas.es/escueladeverano/wp-content/uploads/2023/06/AZ_0575-1536x1024.jpg 1536w, https://www.academiadelasartesescenicas.es/escueladeverano/wp-content/uploads/2023/06/AZ_0575-2048x1365.jpg 2048w" sizes="auto, (max-width: 1024px) 100vw, 1024px" /></figure>
</div>
</div>



<div class="wp-block-columns is-layout-flex wp-container-core-columns-is-layout-9d6595d7 wp-block-columns-is-layout-flex">
<div class="wp-block-column is-layout-flow wp-block-column-is-layout-flow">
<p><strong>CICLO MEMORIA VIVA</strong></p>



<p><a href="https://es.wikipedia.org/wiki/Juanjo_Mier_C%C3%A1raves">«Familia Mier: escena y música»</a></p>



<p>Presenta Paco Valcarce</p>



<p><a href="https://filmotecacantabria.es/es/">Filmoteca de Cantabria</a></p>



<p>La familia Mier, nos habla del legado moral y artístico heredado de <a href="https://www.juanjosemier.com/">Juan José Mier</a>, docente y compositor de música escénica que desarrolló gran parte de su carrera en Santander.</p>


<div class="gb-button-wrapper gb-button-wrapper-0030dd78">

<a class="gb-button gb-button-e035a789 gb-button-text" href="https://www.juanjosemier.com/">Saber más</a>

</div></div>



<div class="wp-block-column is-layout-flow wp-block-column-is-layout-flow">
<p><strong>DOCUMENTAL</strong></p>



<p><a href="https://academiadelasartesescenicas.es/470-la-academia-estrena-el-documental-empunando-el-alma-ensayando-con-lluis-pasqual/">Empuñando el alma: ensayando con Lluís Pasqual</a></p>



<p>de Arantxa Vela</p>



<p><a rel="noreferrer noopener" href="https://filmotecacantabria.es/es/" target="_blank">Filmoteca de Cantabria</a></p>



<p><em>Empuñando el alma: Ensayando con Lluís Pascual</em> es un proyecto que nace en 2018, a iniciativa de la especialidad de Dirección de la Academia, y versa sobre el trabajo de dirección del Académico de Honor Lluís Pasqual en la puesta en escena de <em>El sueño de la vida</em>, del académico Alberto Conejero, obra ensayada y representada en el Teatro Español. </p>
</div>



<div class="wp-block-column is-layout-flow wp-block-column-is-layout-flow">
<p><strong>TEATRO</strong></p>



<p><em>Yo, José Hierro</em></p>



<p>La Machina Teatro</p>



<p>Palacio de Festivales, Sala Pereda</p>



<p>En el año 2000, La Machina Teatro realizó una producción dedicada a la obra poética de José Hierro. Con el título de “Palabra de Hierro”, se trata del único espectáculo escénico creado en vida del poeta, y donde él mismo colaboró en el<br>montaje proporcionando abundante material gráfico, realizando el cartel original, escribiendo de su puño y letra las letras del abecedario y prestando su voz grabada. El estreno, al que Hierro asistió emocionado, tuvo lugar en el<br>Teatro de Caja Cantabria en Santander (actual CASYC) y, posteriormente, se presentó en la programación de la U.I.M.P. (donde Pepe Hierro volvió a ser un espectador de excepción), realizándose también gira por todo el territorio<br>nacional en distintas localidades de Cantabria, Galicia, Asturias, País Vasco,<br>Navarra, Castilla y León, Castilla-La Mancha, Extremadura, Andalucía, Murcia y Madrid.</p>
</div>
</div>
