{"id":2235,"date":"2024-05-10T12:19:23","date_gmt":"2024-05-10T12:19:23","guid":{"rendered":"https:\/\/www.academiadelasartesescenicas.es\/escueladeverano\/?page_id=2235"},"modified":"2025-05-30T09:11:27","modified_gmt":"2025-05-30T09:11:27","slug":"vi-escuela-de-verano","status":"publish","type":"page","link":"https:\/\/www.academiadelasartesescenicas.es\/escueladeverano\/vi-escuela-de-verano\/","title":{"rendered":"VI ESCUELA DE VERANO"},"content":{"rendered":"<div class=\"gb-container gb-container-3392f98e\"><div class=\"gb-inside-container\">\n\n<p class=\"has-text-align-center\"><strong>Brian Rhinehart (miembro docente del Actors Studio de Nueva York) \u00b7 C\u00e9sar O. Bernal (miembro del Actors Studio y profesor de la ESAD de Murcia) \u00b7 Ant\u00f3n Valen (Cirque du Soleil) \u00b7 Eusebio Calonge (dramaturgo de La Zaranda) \u00b7 Helena Pimenta (exdirectora de la Compa\u00f1\u00eda Nacional de Teatro Cl\u00e1sico y directora de Ur Teatro) \u00b7 Luz Arcas (bailarina y core\u00f3grafa) \u00b7 Ignacio Ortega (director de la ESAD de Asturias) \u00b7 Jarek Bielski (profesor, director y actor) \u00b7 Mercedes Pacheco (catedr\u00e1tica de danza educativa en el Conservatorio Superior de Danza) \u00b7 Marcos Pereira (actor)<\/strong><\/p>\n\n\n<div class=\"gb-button-wrapper gb-button-wrapper-1929b6ed\">\n\n<a class=\"gb-button gb-button-32558a0d gb-button-text\" href=\"https:\/\/www.academiadelasartesescenicas.es\/escueladeverano\/2024\/05\/14\/programa-vi-escuela-de-verano\/\" target=\"_blank\" rel=\"noopener noreferrer\">VER PROGRAMA<\/a>\n\n<\/div>\n\n\n<div style=\"height:20px\" aria-hidden=\"true\" class=\"wp-block-spacer\"><\/div>\n\n\n<div class=\"gb-container gb-container-d5d6b2db\"><div class=\"gb-inside-container\">\n\n<div class=\"wp-block-columns is-layout-flex wp-container-core-columns-is-layout-9d6595d7 wp-block-columns-is-layout-flex\">\n<div class=\"wp-block-column is-layout-flow wp-block-column-is-layout-flow\"><div class=\"gb-container gb-container-28764b66\"><div class=\"gb-inside-container\">\n<div class=\"gb-button-wrapper gb-button-wrapper-5f8d29c1\"><\/div>\n<\/div><\/div>\n\n\n<figure class=\"wp-block-image size-large is-resized\"><img loading=\"lazy\" decoding=\"async\" width=\"1024\" height=\"1024\" src=\"https:\/\/www.academiadelasartesescenicas.es\/escueladeverano\/wp-content\/uploads\/2024\/05\/escuela_verano_1_insta-1024x1024.jpg\" alt=\"\" class=\"wp-image-2284\" style=\"width:381px;height:auto\" srcset=\"https:\/\/www.academiadelasartesescenicas.es\/escueladeverano\/wp-content\/uploads\/2024\/05\/escuela_verano_1_insta-1024x1024.jpg 1024w, https:\/\/www.academiadelasartesescenicas.es\/escueladeverano\/wp-content\/uploads\/2024\/05\/escuela_verano_1_insta-300x300.jpg 300w, https:\/\/www.academiadelasartesescenicas.es\/escueladeverano\/wp-content\/uploads\/2024\/05\/escuela_verano_1_insta-150x150.jpg 150w, https:\/\/www.academiadelasartesescenicas.es\/escueladeverano\/wp-content\/uploads\/2024\/05\/escuela_verano_1_insta-768x768.jpg 768w, https:\/\/www.academiadelasartesescenicas.es\/escueladeverano\/wp-content\/uploads\/2024\/05\/escuela_verano_1_insta-1536x1536.jpg 1536w, https:\/\/www.academiadelasartesescenicas.es\/escueladeverano\/wp-content\/uploads\/2024\/05\/escuela_verano_1_insta-2048x2048.jpg 2048w\" sizes=\"auto, (max-width: 1024px) 100vw, 1024px\" \/><\/figure>\n<\/div>\n\n\n\n<div class=\"wp-block-column is-layout-flow wp-block-column-is-layout-flow\">\n<p>Celebramos este a\u00f1o la VI edici\u00f3n de la&nbsp;<a href=\"https:\/\/www.academiadelasartesescenicas.es\/escueladeverano\/\" target=\"_blank\" rel=\"noreferrer noopener\">Escuela de Verano de la Academia de las Artes de Esc\u00e9nicas de Espa\u00f1a<\/a>&nbsp;con la inestimable colaboraci\u00f3n del Ayuntamiento de Avil\u00e9s. Como en 2021 la sede ser\u00e1 Avil\u00e9s y su espl\u00e9ndido Teatro Palacio Vald\u00e9s.&nbsp;<\/p>\n\n\n\n<p>El programa del curso presenta algunas novedades respecto a las ediciones anteriores. Se fortalece su car\u00e1cter pr\u00e1ctico con tres talleres a lo largo de los cuatro d\u00edas, con un incremento de horas lectivas que&nbsp;a\u00f1adidas para actividades complementarias, llegar\u00e1n a 50.<\/p>\n\n\n\n<p><\/p>\n\n\n<div class=\"gb-button-wrapper gb-button-wrapper-be2bce67\"><\/div><\/div>\n<\/div>\n\n<\/div><\/div>\n\n\n<p class=\"has-medium-font-size\"><img loading=\"lazy\" decoding=\"async\" width=\"50\" height=\"50\" class=\"wp-image-2337\" style=\"width: 50px;\" src=\"https:\/\/www.academiadelasartesescenicas.es\/escueladeverano\/wp-content\/uploads\/2024\/06\/escuela_verano_pestanita.png\" alt=\"\" srcset=\"https:\/\/www.academiadelasartesescenicas.es\/escueladeverano\/wp-content\/uploads\/2024\/06\/escuela_verano_pestanita.png 512w, https:\/\/www.academiadelasartesescenicas.es\/escueladeverano\/wp-content\/uploads\/2024\/06\/escuela_verano_pestanita-300x300.png 300w, https:\/\/www.academiadelasartesescenicas.es\/escueladeverano\/wp-content\/uploads\/2024\/06\/escuela_verano_pestanita-150x150.png 150w\" sizes=\"auto, (max-width: 50px) 100vw, 50px\" \/>MATR\u00cdCULA GRATUITA PARA ACAD\u00c9MICOS Y ACAD\u00c9MICAS <\/p>\n\n\n\n<p class=\"has-text-align-center has-small-font-size\">hasta alcanzar el 40% del alumnado total. <\/p>\n\n\n\n<p><img loading=\"lazy\" decoding=\"async\" width=\"50\" height=\"50\" class=\"wp-image-2337\" style=\"width: 50px;\" src=\"https:\/\/www.academiadelasartesescenicas.es\/escueladeverano\/wp-content\/uploads\/2024\/06\/escuela_verano_pestanita.png\" alt=\"\" srcset=\"https:\/\/www.academiadelasartesescenicas.es\/escueladeverano\/wp-content\/uploads\/2024\/06\/escuela_verano_pestanita.png 512w, https:\/\/www.academiadelasartesescenicas.es\/escueladeverano\/wp-content\/uploads\/2024\/06\/escuela_verano_pestanita-300x300.png 300w, https:\/\/www.academiadelasartesescenicas.es\/escueladeverano\/wp-content\/uploads\/2024\/06\/escuela_verano_pestanita-150x150.png 150w\" sizes=\"auto, (max-width: 50px) 100vw, 50px\" \/>REDUCCI\u00d3N 50% en la tasa de inscripci\u00f3n para alumnos y alumnas de la ESAD de Asturias <\/p>\n\n\n\n<p class=\"has-text-align-center has-base-3-color has-accent-background-color has-text-color has-background has-link-color wp-elements-5c3b4a2f802988c5a204cce78110998d\"><strong>Inscripci\u00f3n : 100\u20ac<\/strong><\/p>\n\n\n\n<p class=\"has-text-align-center\">A la finalizaci\u00f3n de la Escuela las alumnas y alumnos que realicen el 100% de las horas lectivas recibir\u00e1n un Diploma acreditativo de su participaci\u00f3n.<\/p>\n\n<\/div><\/div>\n\n<div class=\"gb-button-wrapper gb-button-wrapper-92dd1aaa\"><\/div>","protected":false},"excerpt":{"rendered":"","protected":false},"author":1,"featured_media":0,"parent":0,"menu_order":0,"comment_status":"closed","ping_status":"closed","template":"","meta":{"_generate-full-width-content":"","footnotes":""},"class_list":["post-2235","page","type-page","status-publish"],"_links":{"self":[{"href":"https:\/\/www.academiadelasartesescenicas.es\/escueladeverano\/wp-json\/wp\/v2\/pages\/2235","targetHints":{"allow":["GET"]}}],"collection":[{"href":"https:\/\/www.academiadelasartesescenicas.es\/escueladeverano\/wp-json\/wp\/v2\/pages"}],"about":[{"href":"https:\/\/www.academiadelasartesescenicas.es\/escueladeverano\/wp-json\/wp\/v2\/types\/page"}],"author":[{"embeddable":true,"href":"https:\/\/www.academiadelasartesescenicas.es\/escueladeverano\/wp-json\/wp\/v2\/users\/1"}],"replies":[{"embeddable":true,"href":"https:\/\/www.academiadelasartesescenicas.es\/escueladeverano\/wp-json\/wp\/v2\/comments?post=2235"}],"version-history":[{"count":35,"href":"https:\/\/www.academiadelasartesescenicas.es\/escueladeverano\/wp-json\/wp\/v2\/pages\/2235\/revisions"}],"predecessor-version":[{"id":2429,"href":"https:\/\/www.academiadelasartesescenicas.es\/escueladeverano\/wp-json\/wp\/v2\/pages\/2235\/revisions\/2429"}],"wp:attachment":[{"href":"https:\/\/www.academiadelasartesescenicas.es\/escueladeverano\/wp-json\/wp\/v2\/media?parent=2235"}],"curies":[{"name":"wp","href":"https:\/\/api.w.org\/{rel}","templated":true}]}}

<div class="gb-container gb-container-3392f98e"><div class="gb-inside-container">

<p class="has-text-align-center"><strong>Brian Rhinehart (miembro docente del Actors Studio de Nueva York) · César O. Bernal (miembro del Actors Studio y profesor de la ESAD de Murcia) · Antón Valen (Cirque du Soleil) · Eusebio Calonge (dramaturgo de La Zaranda) · Helena Pimenta (exdirectora de la Compañía Nacional de Teatro Clásico y directora de Ur Teatro) · Luz Arcas (bailarina y coreógrafa) · Ignacio Ortega (director de la ESAD de Asturias) · Jarek Bielski (profesor, director y actor) · Mercedes Pacheco (catedrática de danza educativa en el Conservatorio Superior de Danza) · Marcos Pereira (actor)</strong></p>


<div class="gb-button-wrapper gb-button-wrapper-1929b6ed">

<a class="gb-button gb-button-32558a0d gb-button-text" href="https://www.academiadelasartesescenicas.es/escueladeverano/2024/05/14/programa-vi-escuela-de-verano/" target="_blank" rel="noopener noreferrer">VER PROGRAMA</a>

</div>


<div style="height:20px" aria-hidden="true" class="wp-block-spacer"></div>


<div class="gb-container gb-container-d5d6b2db"><div class="gb-inside-container">

<div class="wp-block-columns is-layout-flex wp-container-core-columns-is-layout-9d6595d7 wp-block-columns-is-layout-flex">
<div class="wp-block-column is-layout-flow wp-block-column-is-layout-flow"><div class="gb-container gb-container-28764b66"><div class="gb-inside-container">
<div class="gb-button-wrapper gb-button-wrapper-5f8d29c1"></div>
</div></div>


<figure class="wp-block-image size-large is-resized"><img loading="lazy" decoding="async" width="1024" height="1024" src="https://www.academiadelasartesescenicas.es/escueladeverano/wp-content/uploads/2024/05/escuela_verano_1_insta-1024x1024.jpg" alt="" class="wp-image-2284" style="width:381px;height:auto" srcset="https://www.academiadelasartesescenicas.es/escueladeverano/wp-content/uploads/2024/05/escuela_verano_1_insta-1024x1024.jpg 1024w, https://www.academiadelasartesescenicas.es/escueladeverano/wp-content/uploads/2024/05/escuela_verano_1_insta-300x300.jpg 300w, https://www.academiadelasartesescenicas.es/escueladeverano/wp-content/uploads/2024/05/escuela_verano_1_insta-150x150.jpg 150w, https://www.academiadelasartesescenicas.es/escueladeverano/wp-content/uploads/2024/05/escuela_verano_1_insta-768x768.jpg 768w, https://www.academiadelasartesescenicas.es/escueladeverano/wp-content/uploads/2024/05/escuela_verano_1_insta-1536x1536.jpg 1536w, https://www.academiadelasartesescenicas.es/escueladeverano/wp-content/uploads/2024/05/escuela_verano_1_insta-2048x2048.jpg 2048w" sizes="auto, (max-width: 1024px) 100vw, 1024px" /></figure>
</div>



<div class="wp-block-column is-layout-flow wp-block-column-is-layout-flow">
<p>Celebramos este año la VI edición de la&nbsp;<a href="https://www.academiadelasartesescenicas.es/escueladeverano/" target="_blank" rel="noreferrer noopener">Escuela de Verano de la Academia de las Artes de Escénicas de España</a>&nbsp;con la inestimable colaboración del Ayuntamiento de Avilés. Como en 2021 la sede será Avilés y su espléndido Teatro Palacio Valdés.&nbsp;</p>



<p>El programa del curso presenta algunas novedades respecto a las ediciones anteriores. Se fortalece su carácter práctico con tres talleres a lo largo de los cuatro días, con un incremento de horas lectivas que&nbsp;añadidas para actividades complementarias, llegarán a 50.</p>



<p></p>


<div class="gb-button-wrapper gb-button-wrapper-be2bce67"></div></div>
</div>

</div></div>


<p class="has-medium-font-size"><img loading="lazy" decoding="async" width="50" height="50" class="wp-image-2337" style="width: 50px;" src="https://www.academiadelasartesescenicas.es/escueladeverano/wp-content/uploads/2024/06/escuela_verano_pestanita.png" alt="" srcset="https://www.academiadelasartesescenicas.es/escueladeverano/wp-content/uploads/2024/06/escuela_verano_pestanita.png 512w, https://www.academiadelasartesescenicas.es/escueladeverano/wp-content/uploads/2024/06/escuela_verano_pestanita-300x300.png 300w, https://www.academiadelasartesescenicas.es/escueladeverano/wp-content/uploads/2024/06/escuela_verano_pestanita-150x150.png 150w" sizes="auto, (max-width: 50px) 100vw, 50px" />MATRÍCULA GRATUITA PARA ACADÉMICOS Y ACADÉMICAS </p>



<p class="has-text-align-center has-small-font-size">hasta alcanzar el 40% del alumnado total. </p>



<p><img loading="lazy" decoding="async" width="50" height="50" class="wp-image-2337" style="width: 50px;" src="https://www.academiadelasartesescenicas.es/escueladeverano/wp-content/uploads/2024/06/escuela_verano_pestanita.png" alt="" srcset="https://www.academiadelasartesescenicas.es/escueladeverano/wp-content/uploads/2024/06/escuela_verano_pestanita.png 512w, https://www.academiadelasartesescenicas.es/escueladeverano/wp-content/uploads/2024/06/escuela_verano_pestanita-300x300.png 300w, https://www.academiadelasartesescenicas.es/escueladeverano/wp-content/uploads/2024/06/escuela_verano_pestanita-150x150.png 150w" sizes="auto, (max-width: 50px) 100vw, 50px" />REDUCCIÓN 50% en la tasa de inscripción para alumnos y alumnas de la ESAD de Asturias </p>



<p class="has-text-align-center has-base-3-color has-accent-background-color has-text-color has-background has-link-color wp-elements-5c3b4a2f802988c5a204cce78110998d"><strong>Inscripción : 100€</strong></p>



<p class="has-text-align-center">A la finalización de la Escuela las alumnas y alumnos que realicen el 100% de las horas lectivas recibirán un Diploma acreditativo de su participación.</p>

</div></div>

<div class="gb-button-wrapper gb-button-wrapper-92dd1aaa"></div>
