{"id":2259,"date":"2024-05-14T11:52:34","date_gmt":"2024-05-14T11:52:34","guid":{"rendered":"https:\/\/www.academiadelasartesescenicas.es\/escueladeverano\/?page_id=2259"},"modified":"2024-08-21T08:27:51","modified_gmt":"2024-08-21T08:27:51","slug":"vi-escuela-de-verano-2","status":"publish","type":"page","link":"https:\/\/www.academiadelasartesescenicas.es\/escueladeverano\/vi-escuela-de-verano-2\/","title":{"rendered":"VI ESCUELA DE VERANO"},"content":{"rendered":"\n<figure class=\"wp-block-image size-large\"><img loading=\"lazy\" decoding=\"async\" width=\"1024\" height=\"258\" src=\"https:\/\/www.academiadelasartesescenicas.es\/escueladeverano\/wp-content\/uploads\/2024\/05\/Escueladeverano_formulario-1024x258.jpg\" alt=\"\" class=\"wp-image-2319\" srcset=\"https:\/\/www.academiadelasartesescenicas.es\/escueladeverano\/wp-content\/uploads\/2024\/05\/Escueladeverano_formulario-1024x258.jpg 1024w, https:\/\/www.academiadelasartesescenicas.es\/escueladeverano\/wp-content\/uploads\/2024\/05\/Escueladeverano_formulario-300x76.jpg 300w, https:\/\/www.academiadelasartesescenicas.es\/escueladeverano\/wp-content\/uploads\/2024\/05\/Escueladeverano_formulario-768x194.jpg 768w, https:\/\/www.academiadelasartesescenicas.es\/escueladeverano\/wp-content\/uploads\/2024\/05\/Escueladeverano_formulario-1536x388.jpg 1536w, https:\/\/www.academiadelasartesescenicas.es\/escueladeverano\/wp-content\/uploads\/2024\/05\/Escueladeverano_formulario-2048x517.jpg 2048w\" sizes=\"auto, (max-width: 1024px) 100vw, 1024px\" \/><\/figure>\n\n\n\n<p><strong>DEL 15 AL 18 DE JULIO DE 2024<\/strong><\/p>\n\n\n\n<p>Un nuevo a\u00f1o, la Academia de las Artes de Esc\u00e9nicas de Espa\u00f1a organiza su Escuela de Verano. En la que ser\u00e1 VI edici\u00f3n se han redoblado los esfuerzos para conseguir un grupo de profesores de primer nivel, que ostente un alto nivel formativo. Junto al Ayuntamiento avilesino proponemos un programa lleno de atractivos. Se fortalece as\u00ed su car\u00e1cter pr\u00e1ctico con tres talleres y cinco clases con temas de suma actualidad. S\u00f3lo hay que ver el programa para comprobar que hay nombres y temas suficientes para garantizar el \u00e9xito de esta edici\u00f3n de nuestra Escuela.<\/p>\n\n\n\n<p>En el acto de la matriculaci\u00f3n se elegir\u00e1 el taller de tarde que se desea cursar, el cual se adjudicar\u00e1 por riguroso orden de inscripci\u00f3n.&nbsp;<\/p>\n\n\n\n<p><strong>Horas lectivas: 50<\/strong><\/p>\n\n\n\n<p><strong>Tasa de inscripci\u00f3n: 100\u20ac<\/strong><\/p>\n\n\n\n<p>Las acad\u00e9micas y acad\u00e9micos que deseen realizar este curso tienen matr\u00edcula gratuita hasta alcanzar el 40 por ciento del alumnado total. Los alumnos-as de la ESAD de Asturias contar\u00e1n con una reducci\u00f3n del 50% en la tasa de inscripci\u00f3n.<\/p>\n\n\n\n<p>El Ayuntamiento de Avil\u00e9s podr\u00e1 informar sobre alojamientos y restaurantes a los interesados-as en participar en esta Escuela de Verano.<\/p>\n","protected":false},"excerpt":{"rendered":"","protected":false},"author":1,"featured_media":0,"parent":0,"menu_order":0,"comment_status":"closed","ping_status":"closed","template":"","meta":{"_generate-full-width-content":"","footnotes":""},"class_list":["post-2259","page","type-page","status-publish"],"_links":{"self":[{"href":"https:\/\/www.academiadelasartesescenicas.es\/escueladeverano\/wp-json\/wp\/v2\/pages\/2259","targetHints":{"allow":["GET"]}}],"collection":[{"href":"https:\/\/www.academiadelasartesescenicas.es\/escueladeverano\/wp-json\/wp\/v2\/pages"}],"about":[{"href":"https:\/\/www.academiadelasartesescenicas.es\/escueladeverano\/wp-json\/wp\/v2\/types\/page"}],"author":[{"embeddable":true,"href":"https:\/\/www.academiadelasartesescenicas.es\/escueladeverano\/wp-json\/wp\/v2\/users\/1"}],"replies":[{"embeddable":true,"href":"https:\/\/www.academiadelasartesescenicas.es\/escueladeverano\/wp-json\/wp\/v2\/comments?post=2259"}],"version-history":[{"count":12,"href":"https:\/\/www.academiadelasartesescenicas.es\/escueladeverano\/wp-json\/wp\/v2\/pages\/2259\/revisions"}],"predecessor-version":[{"id":2388,"href":"https:\/\/www.academiadelasartesescenicas.es\/escueladeverano\/wp-json\/wp\/v2\/pages\/2259\/revisions\/2388"}],"wp:attachment":[{"href":"https:\/\/www.academiadelasartesescenicas.es\/escueladeverano\/wp-json\/wp\/v2\/media?parent=2259"}],"curies":[{"name":"wp","href":"https:\/\/api.w.org\/{rel}","templated":true}]}}

<figure class="wp-block-image size-large"><img loading="lazy" decoding="async" width="1024" height="258" src="https://www.academiadelasartesescenicas.es/escueladeverano/wp-content/uploads/2024/05/Escueladeverano_formulario-1024x258.jpg" alt="" class="wp-image-2319" srcset="https://www.academiadelasartesescenicas.es/escueladeverano/wp-content/uploads/2024/05/Escueladeverano_formulario-1024x258.jpg 1024w, https://www.academiadelasartesescenicas.es/escueladeverano/wp-content/uploads/2024/05/Escueladeverano_formulario-300x76.jpg 300w, https://www.academiadelasartesescenicas.es/escueladeverano/wp-content/uploads/2024/05/Escueladeverano_formulario-768x194.jpg 768w, https://www.academiadelasartesescenicas.es/escueladeverano/wp-content/uploads/2024/05/Escueladeverano_formulario-1536x388.jpg 1536w, https://www.academiadelasartesescenicas.es/escueladeverano/wp-content/uploads/2024/05/Escueladeverano_formulario-2048x517.jpg 2048w" sizes="auto, (max-width: 1024px) 100vw, 1024px" /></figure>



<p><strong>DEL 15 AL 18 DE JULIO DE 2024</strong></p>



<p>Un nuevo año, la Academia de las Artes de Escénicas de España organiza su Escuela de Verano. En la que será VI edición se han redoblado los esfuerzos para conseguir un grupo de profesores de primer nivel, que ostente un alto nivel formativo. Junto al Ayuntamiento avilesino proponemos un programa lleno de atractivos. Se fortalece así su carácter práctico con tres talleres y cinco clases con temas de suma actualidad. Sólo hay que ver el programa para comprobar que hay nombres y temas suficientes para garantizar el éxito de esta edición de nuestra Escuela.</p>



<p>En el acto de la matriculación se elegirá el taller de tarde que se desea cursar, el cual se adjudicará por riguroso orden de inscripción.&nbsp;</p>



<p><strong>Horas lectivas: 50</strong></p>



<p><strong>Tasa de inscripción: 100€</strong></p>



<p>Las académicas y académicos que deseen realizar este curso tienen matrícula gratuita hasta alcanzar el 40 por ciento del alumnado total. Los alumnos-as de la ESAD de Asturias contarán con una reducción del 50% en la tasa de inscripción.</p>



<p>El Ayuntamiento de Avilés podrá informar sobre alojamientos y restaurantes a los interesados-as en participar en esta Escuela de Verano.</p>
