{"id":2405,"date":"2024-08-21T09:19:24","date_gmt":"2024-08-21T09:19:24","guid":{"rendered":"https:\/\/www.academiadelasartesescenicas.es\/escueladeverano\/?page_id=2405"},"modified":"2025-05-27T11:57:19","modified_gmt":"2025-05-27T11:57:19","slug":"la-escuela-de-verano-de-la-academia-de-las-artes-escenicas-de-espana-2","status":"publish","type":"page","link":"https:\/\/www.academiadelasartesescenicas.es\/escueladeverano\/la-escuela-de-verano-de-la-academia-de-las-artes-escenicas-de-espana-2\/","title":{"rendered":"La Escuela de Verano de la Academia de las Artes Esc\u00e9nicas de Espa\u00f1a"},"content":{"rendered":"\n<p>Cada a\u00f1o la Academia organiza la Escuela de Verano, un espacio de aprendizaje y reflexi\u00f3n en el que, de la mano de destacados profesionales de las artes esc\u00e9nicas, se celebran charlas, mesas redondas y talleres pr\u00e1cticos que indagan en la pr\u00e1ctica actual de diferentes disciplinas de la escena.<\/p>\n\n\n\n<p>Desde 2017 hasta ahora por la Escuela de Verano han pasado profesionales de primer nivel que han ofrecido su experiencia y cercan\u00eda a los mas de trescientos alumnos que han pasado por nuestra escuela.<\/p>\n\n\n\n<figure class=\"wp-block-gallery has-nested-images columns-default is-cropped wp-block-gallery-1 is-layout-flex wp-block-gallery-is-layout-flex\">\n<figure class=\"wp-block-image size-large\"><img loading=\"lazy\" decoding=\"async\" width=\"1024\" height=\"683\" data-id=\"2410\" src=\"https:\/\/www.academiadelasartesescenicas.es\/escueladeverano\/wp-content\/uploads\/2024\/08\/DSC09197-Mejorado-NR-1024x683.jpg\" alt=\"\" class=\"wp-image-2410\" srcset=\"https:\/\/www.academiadelasartesescenicas.es\/escueladeverano\/wp-content\/uploads\/2024\/08\/DSC09197-Mejorado-NR-1024x683.jpg 1024w, https:\/\/www.academiadelasartesescenicas.es\/escueladeverano\/wp-content\/uploads\/2024\/08\/DSC09197-Mejorado-NR-300x200.jpg 300w, https:\/\/www.academiadelasartesescenicas.es\/escueladeverano\/wp-content\/uploads\/2024\/08\/DSC09197-Mejorado-NR-768x512.jpg 768w, https:\/\/www.academiadelasartesescenicas.es\/escueladeverano\/wp-content\/uploads\/2024\/08\/DSC09197-Mejorado-NR-1536x1024.jpg 1536w, https:\/\/www.academiadelasartesescenicas.es\/escueladeverano\/wp-content\/uploads\/2024\/08\/DSC09197-Mejorado-NR-2048x1365.jpg 2048w\" sizes=\"auto, (max-width: 1024px) 100vw, 1024px\" \/><\/figure>\n\n\n\n<figure class=\"wp-block-image size-large\"><img loading=\"lazy\" decoding=\"async\" width=\"683\" height=\"1024\" data-id=\"2408\" src=\"https:\/\/www.academiadelasartesescenicas.es\/escueladeverano\/wp-content\/uploads\/2024\/08\/DSC09240-683x1024.jpg\" alt=\"\" class=\"wp-image-2408\" srcset=\"https:\/\/www.academiadelasartesescenicas.es\/escueladeverano\/wp-content\/uploads\/2024\/08\/DSC09240-683x1024.jpg 683w, https:\/\/www.academiadelasartesescenicas.es\/escueladeverano\/wp-content\/uploads\/2024\/08\/DSC09240-200x300.jpg 200w, https:\/\/www.academiadelasartesescenicas.es\/escueladeverano\/wp-content\/uploads\/2024\/08\/DSC09240-768x1152.jpg 768w, https:\/\/www.academiadelasartesescenicas.es\/escueladeverano\/wp-content\/uploads\/2024\/08\/DSC09240-1024x1536.jpg 1024w, https:\/\/www.academiadelasartesescenicas.es\/escueladeverano\/wp-content\/uploads\/2024\/08\/DSC09240-1365x2048.jpg 1365w, https:\/\/www.academiadelasartesescenicas.es\/escueladeverano\/wp-content\/uploads\/2024\/08\/DSC09240-scaled.jpg 1707w\" sizes=\"auto, (max-width: 683px) 100vw, 683px\" \/><\/figure>\n\n\n\n<figure class=\"wp-block-image size-large\"><img loading=\"lazy\" decoding=\"async\" width=\"683\" height=\"1024\" data-id=\"2407\" src=\"https:\/\/www.academiadelasartesescenicas.es\/escueladeverano\/wp-content\/uploads\/2024\/08\/DSC09106-683x1024.jpg\" alt=\"\" class=\"wp-image-2407\" srcset=\"https:\/\/www.academiadelasartesescenicas.es\/escueladeverano\/wp-content\/uploads\/2024\/08\/DSC09106-683x1024.jpg 683w, https:\/\/www.academiadelasartesescenicas.es\/escueladeverano\/wp-content\/uploads\/2024\/08\/DSC09106-200x300.jpg 200w, https:\/\/www.academiadelasartesescenicas.es\/escueladeverano\/wp-content\/uploads\/2024\/08\/DSC09106-768x1152.jpg 768w, https:\/\/www.academiadelasartesescenicas.es\/escueladeverano\/wp-content\/uploads\/2024\/08\/DSC09106-1024x1536.jpg 1024w, https:\/\/www.academiadelasartesescenicas.es\/escueladeverano\/wp-content\/uploads\/2024\/08\/DSC09106-1366x2048.jpg 1366w, https:\/\/www.academiadelasartesescenicas.es\/escueladeverano\/wp-content\/uploads\/2024\/08\/DSC09106-scaled.jpg 1707w\" sizes=\"auto, (max-width: 683px) 100vw, 683px\" \/><\/figure>\n\n\n\n<figure class=\"wp-block-image size-large\"><img loading=\"lazy\" decoding=\"async\" width=\"1024\" height=\"683\" data-id=\"2406\" src=\"https:\/\/www.academiadelasartesescenicas.es\/escueladeverano\/wp-content\/uploads\/2024\/08\/DSC09144-1024x683.jpg\" alt=\"\" class=\"wp-image-2406\" srcset=\"https:\/\/www.academiadelasartesescenicas.es\/escueladeverano\/wp-content\/uploads\/2024\/08\/DSC09144-1024x683.jpg 1024w, https:\/\/www.academiadelasartesescenicas.es\/escueladeverano\/wp-content\/uploads\/2024\/08\/DSC09144-300x200.jpg 300w, https:\/\/www.academiadelasartesescenicas.es\/escueladeverano\/wp-content\/uploads\/2024\/08\/DSC09144-768x512.jpg 768w, https:\/\/www.academiadelasartesescenicas.es\/escueladeverano\/wp-content\/uploads\/2024\/08\/DSC09144-1536x1024.jpg 1536w, https:\/\/www.academiadelasartesescenicas.es\/escueladeverano\/wp-content\/uploads\/2024\/08\/DSC09144-2048x1365.jpg 2048w\" sizes=\"auto, (max-width: 1024px) 100vw, 1024px\" \/><\/figure>\n\n\n\n<figure class=\"wp-block-image size-large\"><img loading=\"lazy\" decoding=\"async\" width=\"1024\" height=\"678\" data-id=\"1764\" src=\"https:\/\/www.academiadelasartesescenicas.es\/escueladeverano\/wp-content\/uploads\/2022\/09\/DSC_4134-1024x678.jpg\" alt=\"\" class=\"wp-image-1764\" srcset=\"https:\/\/www.academiadelasartesescenicas.es\/escueladeverano\/wp-content\/uploads\/2022\/09\/DSC_4134-1024x678.jpg 1024w, https:\/\/www.academiadelasartesescenicas.es\/escueladeverano\/wp-content\/uploads\/2022\/09\/DSC_4134-300x199.jpg 300w, https:\/\/www.academiadelasartesescenicas.es\/escueladeverano\/wp-content\/uploads\/2022\/09\/DSC_4134-768x509.jpg 768w, https:\/\/www.academiadelasartesescenicas.es\/escueladeverano\/wp-content\/uploads\/2022\/09\/DSC_4134-1536x1017.jpg 1536w, https:\/\/www.academiadelasartesescenicas.es\/escueladeverano\/wp-content\/uploads\/2022\/09\/DSC_4134-2048x1356.jpg 2048w\" sizes=\"auto, (max-width: 1024px) 100vw, 1024px\" \/><\/figure>\n\n\n\n<figure class=\"wp-block-image size-large\"><img loading=\"lazy\" decoding=\"async\" width=\"1024\" height=\"756\" data-id=\"1732\" src=\"https:\/\/www.academiadelasartesescenicas.es\/escueladeverano\/wp-content\/uploads\/2022\/09\/diversidad_grupo@AntonioCastro_2022_001-1024x756.jpg\" alt=\"\" class=\"wp-image-1732\" srcset=\"https:\/\/www.academiadelasartesescenicas.es\/escueladeverano\/wp-content\/uploads\/2022\/09\/diversidad_grupo@AntonioCastro_2022_001-1024x756.jpg 1024w, https:\/\/www.academiadelasartesescenicas.es\/escueladeverano\/wp-content\/uploads\/2022\/09\/diversidad_grupo@AntonioCastro_2022_001-300x222.jpg 300w, https:\/\/www.academiadelasartesescenicas.es\/escueladeverano\/wp-content\/uploads\/2022\/09\/diversidad_grupo@AntonioCastro_2022_001-768x567.jpg 768w, https:\/\/www.academiadelasartesescenicas.es\/escueladeverano\/wp-content\/uploads\/2022\/09\/diversidad_grupo@AntonioCastro_2022_001-1536x1134.jpg 1536w, https:\/\/www.academiadelasartesescenicas.es\/escueladeverano\/wp-content\/uploads\/2022\/09\/diversidad_grupo@AntonioCastro_2022_001-2048x1512.jpg 2048w\" sizes=\"auto, (max-width: 1024px) 100vw, 1024px\" \/><\/figure>\n<\/figure>\n\n\n\n<figure class=\"wp-block-image size-large\"><img decoding=\"async\" src=\"https:\/\/www.academiadelasartesescenicas.es\/escueladeverano\/wp-content\/uploads\/2022\/09\/pasqual_grupol%C2%A9AntonioCastro_2022_003-1536x1096.jpg\" alt=\"\"\/><figcaption class=\"wp-element-caption\">Uno de los grupos de la V Escuela de Verano en Santander con C\u00e9sar Oliva y Llu\u00eds Pasqual<\/figcaption><\/figure>\n\n\n\n<figure class=\"wp-block-image size-large\"><img decoding=\"async\" src=\"https:\/\/academiadelasartesescenicas.es\/\/archivos\/files\/DSC08721.jpg\" alt=\"\"\/><figcaption class=\"wp-element-caption\">\u00abMemoria viva: La familia Mier\u00bb en la V Escuela de Verano<\/figcaption><\/figure>\n\n\n\n<figure class=\"wp-block-image size-large\"><img decoding=\"async\" src=\"https:\/\/www.academiadelasartesescenicas.es\/escueladeverano\/wp-content\/uploads\/2022\/09\/diversidad_coloquio@AntonioCastro_2022_001-1536x1035.jpg\" alt=\"\"\/><figcaption class=\"wp-element-caption\">Silvia Albert Sopale, Abdelatif Hwidar y Ayoub El Hilali en una mesa redonda.<\/figcaption><\/figure>\n\n\n\n<div class=\"wp-block-columns is-layout-flex wp-container-core-columns-is-layout-9d6595d7 wp-block-columns-is-layout-flex\">\n<div class=\"wp-block-column is-layout-flow wp-block-column-is-layout-flow\"><\/div>\n<\/div>\n\n\n\n<p><\/p>\n","protected":false},"excerpt":{"rendered":"","protected":false},"author":1,"featured_media":0,"parent":0,"menu_order":0,"comment_status":"closed","ping_status":"closed","template":"","meta":{"_generate-full-width-content":"","footnotes":""},"class_list":["post-2405","page","type-page","status-publish"],"_links":{"self":[{"href":"https:\/\/www.academiadelasartesescenicas.es\/escueladeverano\/wp-json\/wp\/v2\/pages\/2405","targetHints":{"allow":["GET"]}}],"collection":[{"href":"https:\/\/www.academiadelasartesescenicas.es\/escueladeverano\/wp-json\/wp\/v2\/pages"}],"about":[{"href":"https:\/\/www.academiadelasartesescenicas.es\/escueladeverano\/wp-json\/wp\/v2\/types\/page"}],"author":[{"embeddable":true,"href":"https:\/\/www.academiadelasartesescenicas.es\/escueladeverano\/wp-json\/wp\/v2\/users\/1"}],"replies":[{"embeddable":true,"href":"https:\/\/www.academiadelasartesescenicas.es\/escueladeverano\/wp-json\/wp\/v2\/comments?post=2405"}],"version-history":[{"count":5,"href":"https:\/\/www.academiadelasartesescenicas.es\/escueladeverano\/wp-json\/wp\/v2\/pages\/2405\/revisions"}],"predecessor-version":[{"id":2503,"href":"https:\/\/www.academiadelasartesescenicas.es\/escueladeverano\/wp-json\/wp\/v2\/pages\/2405\/revisions\/2503"}],"wp:attachment":[{"href":"https:\/\/www.academiadelasartesescenicas.es\/escueladeverano\/wp-json\/wp\/v2\/media?parent=2405"}],"curies":[{"name":"wp","href":"https:\/\/api.w.org\/{rel}","templated":true}]}}

La Escuela de Verano de la Academia de las Artes Escénicas de España

<p>Cada año la Academia organiza la Escuela de Verano, un espacio de aprendizaje y reflexión en el que, de la mano de destacados profesionales de las artes escénicas, se celebran charlas, mesas redondas y talleres prácticos que indagan en la práctica actual de diferentes disciplinas de la escena.</p>



<p>Desde 2017 hasta ahora por la Escuela de Verano han pasado profesionales de primer nivel que han ofrecido su experiencia y cercanía a los mas de trescientos alumnos que han pasado por nuestra escuela.</p>



<figure class="wp-block-gallery has-nested-images columns-default is-cropped wp-block-gallery-1 is-layout-flex wp-block-gallery-is-layout-flex">
<figure class="wp-block-image size-large"><img loading="lazy" decoding="async" width="1024" height="683" data-id="2410" src="https://www.academiadelasartesescenicas.es/escueladeverano/wp-content/uploads/2024/08/DSC09197-Mejorado-NR-1024x683.jpg" alt="" class="wp-image-2410" srcset="https://www.academiadelasartesescenicas.es/escueladeverano/wp-content/uploads/2024/08/DSC09197-Mejorado-NR-1024x683.jpg 1024w, https://www.academiadelasartesescenicas.es/escueladeverano/wp-content/uploads/2024/08/DSC09197-Mejorado-NR-300x200.jpg 300w, https://www.academiadelasartesescenicas.es/escueladeverano/wp-content/uploads/2024/08/DSC09197-Mejorado-NR-768x512.jpg 768w, https://www.academiadelasartesescenicas.es/escueladeverano/wp-content/uploads/2024/08/DSC09197-Mejorado-NR-1536x1024.jpg 1536w, https://www.academiadelasartesescenicas.es/escueladeverano/wp-content/uploads/2024/08/DSC09197-Mejorado-NR-2048x1365.jpg 2048w" sizes="auto, (max-width: 1024px) 100vw, 1024px" /></figure>



<figure class="wp-block-image size-large"><img loading="lazy" decoding="async" width="683" height="1024" data-id="2408" src="https://www.academiadelasartesescenicas.es/escueladeverano/wp-content/uploads/2024/08/DSC09240-683x1024.jpg" alt="" class="wp-image-2408" srcset="https://www.academiadelasartesescenicas.es/escueladeverano/wp-content/uploads/2024/08/DSC09240-683x1024.jpg 683w, https://www.academiadelasartesescenicas.es/escueladeverano/wp-content/uploads/2024/08/DSC09240-200x300.jpg 200w, https://www.academiadelasartesescenicas.es/escueladeverano/wp-content/uploads/2024/08/DSC09240-768x1152.jpg 768w, https://www.academiadelasartesescenicas.es/escueladeverano/wp-content/uploads/2024/08/DSC09240-1024x1536.jpg 1024w, https://www.academiadelasartesescenicas.es/escueladeverano/wp-content/uploads/2024/08/DSC09240-1365x2048.jpg 1365w, https://www.academiadelasartesescenicas.es/escueladeverano/wp-content/uploads/2024/08/DSC09240-scaled.jpg 1707w" sizes="auto, (max-width: 683px) 100vw, 683px" /></figure>



<figure class="wp-block-image size-large"><img loading="lazy" decoding="async" width="683" height="1024" data-id="2407" src="https://www.academiadelasartesescenicas.es/escueladeverano/wp-content/uploads/2024/08/DSC09106-683x1024.jpg" alt="" class="wp-image-2407" srcset="https://www.academiadelasartesescenicas.es/escueladeverano/wp-content/uploads/2024/08/DSC09106-683x1024.jpg 683w, https://www.academiadelasartesescenicas.es/escueladeverano/wp-content/uploads/2024/08/DSC09106-200x300.jpg 200w, https://www.academiadelasartesescenicas.es/escueladeverano/wp-content/uploads/2024/08/DSC09106-768x1152.jpg 768w, https://www.academiadelasartesescenicas.es/escueladeverano/wp-content/uploads/2024/08/DSC09106-1024x1536.jpg 1024w, https://www.academiadelasartesescenicas.es/escueladeverano/wp-content/uploads/2024/08/DSC09106-1366x2048.jpg 1366w, https://www.academiadelasartesescenicas.es/escueladeverano/wp-content/uploads/2024/08/DSC09106-scaled.jpg 1707w" sizes="auto, (max-width: 683px) 100vw, 683px" /></figure>



<figure class="wp-block-image size-large"><img loading="lazy" decoding="async" width="1024" height="683" data-id="2406" src="https://www.academiadelasartesescenicas.es/escueladeverano/wp-content/uploads/2024/08/DSC09144-1024x683.jpg" alt="" class="wp-image-2406" srcset="https://www.academiadelasartesescenicas.es/escueladeverano/wp-content/uploads/2024/08/DSC09144-1024x683.jpg 1024w, https://www.academiadelasartesescenicas.es/escueladeverano/wp-content/uploads/2024/08/DSC09144-300x200.jpg 300w, https://www.academiadelasartesescenicas.es/escueladeverano/wp-content/uploads/2024/08/DSC09144-768x512.jpg 768w, https://www.academiadelasartesescenicas.es/escueladeverano/wp-content/uploads/2024/08/DSC09144-1536x1024.jpg 1536w, https://www.academiadelasartesescenicas.es/escueladeverano/wp-content/uploads/2024/08/DSC09144-2048x1365.jpg 2048w" sizes="auto, (max-width: 1024px) 100vw, 1024px" /></figure>



<figure class="wp-block-image size-large"><img loading="lazy" decoding="async" width="1024" height="678" data-id="1764" src="https://www.academiadelasartesescenicas.es/escueladeverano/wp-content/uploads/2022/09/DSC_4134-1024x678.jpg" alt="" class="wp-image-1764" srcset="https://www.academiadelasartesescenicas.es/escueladeverano/wp-content/uploads/2022/09/DSC_4134-1024x678.jpg 1024w, https://www.academiadelasartesescenicas.es/escueladeverano/wp-content/uploads/2022/09/DSC_4134-300x199.jpg 300w, https://www.academiadelasartesescenicas.es/escueladeverano/wp-content/uploads/2022/09/DSC_4134-768x509.jpg 768w, https://www.academiadelasartesescenicas.es/escueladeverano/wp-content/uploads/2022/09/DSC_4134-1536x1017.jpg 1536w, https://www.academiadelasartesescenicas.es/escueladeverano/wp-content/uploads/2022/09/DSC_4134-2048x1356.jpg 2048w" sizes="auto, (max-width: 1024px) 100vw, 1024px" /></figure>



<figure class="wp-block-image size-large"><img loading="lazy" decoding="async" width="1024" height="756" data-id="1732" src="https://www.academiadelasartesescenicas.es/escueladeverano/wp-content/uploads/2022/09/diversidad_grupo@AntonioCastro_2022_001-1024x756.jpg" alt="" class="wp-image-1732" srcset="https://www.academiadelasartesescenicas.es/escueladeverano/wp-content/uploads/2022/09/diversidad_grupo@AntonioCastro_2022_001-1024x756.jpg 1024w, https://www.academiadelasartesescenicas.es/escueladeverano/wp-content/uploads/2022/09/diversidad_grupo@AntonioCastro_2022_001-300x222.jpg 300w, https://www.academiadelasartesescenicas.es/escueladeverano/wp-content/uploads/2022/09/diversidad_grupo@AntonioCastro_2022_001-768x567.jpg 768w, https://www.academiadelasartesescenicas.es/escueladeverano/wp-content/uploads/2022/09/diversidad_grupo@AntonioCastro_2022_001-1536x1134.jpg 1536w, https://www.academiadelasartesescenicas.es/escueladeverano/wp-content/uploads/2022/09/diversidad_grupo@AntonioCastro_2022_001-2048x1512.jpg 2048w" sizes="auto, (max-width: 1024px) 100vw, 1024px" /></figure>
</figure>



<figure class="wp-block-image size-large"><img decoding="async" src="https://www.academiadelasartesescenicas.es/escueladeverano/wp-content/uploads/2022/09/pasqual_grupol%C2%A9AntonioCastro_2022_003-1536x1096.jpg" alt=""/><figcaption class="wp-element-caption">Uno de los grupos de la V Escuela de Verano en Santander con César Oliva y Lluís Pasqual</figcaption></figure>



<figure class="wp-block-image size-large"><img decoding="async" src="https://academiadelasartesescenicas.es//archivos/files/DSC08721.jpg" alt=""/><figcaption class="wp-element-caption">«Memoria viva: La familia Mier» en la V Escuela de Verano</figcaption></figure>



<figure class="wp-block-image size-large"><img decoding="async" src="https://www.academiadelasartesescenicas.es/escueladeverano/wp-content/uploads/2022/09/diversidad_coloquio@AntonioCastro_2022_001-1536x1035.jpg" alt=""/><figcaption class="wp-element-caption">Silvia Albert Sopale, Abdelatif Hwidar y Ayoub El Hilali en una mesa redonda.</figcaption></figure>



<div class="wp-block-columns is-layout-flex wp-container-core-columns-is-layout-9d6595d7 wp-block-columns-is-layout-flex">
<div class="wp-block-column is-layout-flow wp-block-column-is-layout-flow"></div>
</div>



<p></p>
