{"id":25,"date":"2020-02-13T13:17:50","date_gmt":"2020-02-13T13:17:50","guid":{"rendered":"https:\/\/gpsites.co\/abstract\/?page_id=25"},"modified":"2022-09-01T10:12:20","modified_gmt":"2022-09-01T10:12:20","slug":"escuela-de-verano","status":"publish","type":"page","link":"https:\/\/www.academiadelasartesescenicas.es\/escueladeverano\/escuela-de-verano\/","title":{"rendered":"IV Escuela de Verano"},"content":{"rendered":"\n<p><\/p>\n\n\n\n<div class=\"wp-block-group\"><div class=\"wp-block-group__inner-container is-layout-flow wp-block-group-is-layout-flow\">\n<div class=\"wp-block-columns is-layout-flex wp-container-core-columns-is-layout-9d6595d7 wp-block-columns-is-layout-flex\">\n<div class=\"wp-block-column is-layout-flow wp-block-column-is-layout-flow\" style=\"flex-basis:100%\">\n<figure class=\"wp-block-embed is-type-video is-provider-youtube wp-block-embed-youtube wp-embed-aspect-16-9 wp-has-aspect-ratio\"><div class=\"wp-block-embed__wrapper\">\n<iframe loading=\"lazy\" title=\"Primera jornada Escuela de Verano 2022\" width=\"1200\" height=\"675\" src=\"https:\/\/www.youtube.com\/embed\/kuvampmypqo?list=PLZXtR-hEcC_i7KPf_DBTcoP8XJnEMDheC\" frameborder=\"0\" allow=\"accelerometer; autoplay; clipboard-write; encrypted-media; gyroscope; picture-in-picture\" allowfullscreen><\/iframe>\n<\/div><\/figure>\n<\/div>\n<\/div>\n<\/div><\/div>\n\n\n\n<div class=\"wp-block-group\"><div class=\"wp-block-group__inner-container is-layout-flow wp-block-group-is-layout-flow\">\n<p class=\"has-text-align-center\">Un a\u00f1o m\u00e1s, la Academia de las Artes Esc\u00e9nicas de Espa\u00f1a plantea una&nbsp;actividad en su Escuela de Verano. Por cuarta vez, se produce la colaboraci\u00f3n entre varias instituciones p\u00fablicas para ofrecer un programa que une rigor, excelencia y entretenimiento, para que j\u00f3venes de diversas comunidades participen en un proyecto de formaci\u00f3n. Este a\u00f1o, Cantabria es la referencia ideal para, a partir de una personalidad tan destacada del mundo de la escena como <a href=\"https:\/\/www.academiadelasartesescenicas.es\/escueladeverano\/edicion-2021\/\">Santiago Onta\u00f1\u00f3n<\/a>, considerar, junto a su condici\u00f3n de artista pl\u00e1stico de primer nivel, la actualidad de la escena social en sus formas m\u00e1s destacadas.<\/p>\n<\/div><\/div>\n\n\n\n<div class=\"wp-block-image\"><figure class=\"aligncenter size-full is-resized\"><img loading=\"lazy\" decoding=\"async\" src=\"https:\/\/www.academiadelasartesescenicas.es\/escueladeverano\/wp-content\/uploads\/2022\/05\/Logos-Home-web.png\" alt=\"\" class=\"wp-image-1400\" width=\"1173\" height=\"194\" srcset=\"https:\/\/www.academiadelasartesescenicas.es\/escueladeverano\/wp-content\/uploads\/2022\/05\/Logos-Home-web.png 4360w, https:\/\/www.academiadelasartesescenicas.es\/escueladeverano\/wp-content\/uploads\/2022\/05\/Logos-Home-web-300x50.png 300w, https:\/\/www.academiadelasartesescenicas.es\/escueladeverano\/wp-content\/uploads\/2022\/05\/Logos-Home-web-1024x170.png 1024w, https:\/\/www.academiadelasartesescenicas.es\/escueladeverano\/wp-content\/uploads\/2022\/05\/Logos-Home-web-768x127.png 768w, https:\/\/www.academiadelasartesescenicas.es\/escueladeverano\/wp-content\/uploads\/2022\/05\/Logos-Home-web-1536x255.png 1536w, https:\/\/www.academiadelasartesescenicas.es\/escueladeverano\/wp-content\/uploads\/2022\/05\/Logos-Home-web-2048x340.png 2048w\" sizes=\"auto, (max-width: 1173px) 100vw, 1173px\" \/><\/figure><\/div>\n\n\n\n<div class=\"wp-block-buttons is-content-justification-center is-layout-flex wp-container-core-buttons-is-layout-16018d1d wp-block-buttons-is-layout-flex\">\n<div class=\"wp-block-button has-custom-width wp-block-button__width-50 has-custom-font-size is-style-outline has-medium-font-size is-style-outline--1\"><a class=\"wp-block-button__link has-base-3-background-color has-background\" href=\"https:\/\/www.academiadelasartesescenicas.es\/escueladeverano\/programa\/\" style=\"border-radius:0px\" target=\"_blank\" rel=\"noreferrer noopener\">CONSULTA AQU\u00cd EL PROGRAMA<\/a><\/div>\n<\/div>\n\n\n\n<div style=\"height:60px\" aria-hidden=\"true\" class=\"wp-block-spacer\"><\/div>\n","protected":false},"excerpt":{"rendered":"","protected":false},"author":1,"featured_media":0,"parent":0,"menu_order":0,"comment_status":"closed","ping_status":"closed","template":"","meta":{"_generate-full-width-content":"","footnotes":""},"class_list":["post-25","page","type-page","status-publish"],"_links":{"self":[{"href":"https:\/\/www.academiadelasartesescenicas.es\/escueladeverano\/wp-json\/wp\/v2\/pages\/25","targetHints":{"allow":["GET"]}}],"collection":[{"href":"https:\/\/www.academiadelasartesescenicas.es\/escueladeverano\/wp-json\/wp\/v2\/pages"}],"about":[{"href":"https:\/\/www.academiadelasartesescenicas.es\/escueladeverano\/wp-json\/wp\/v2\/types\/page"}],"author":[{"embeddable":true,"href":"https:\/\/www.academiadelasartesescenicas.es\/escueladeverano\/wp-json\/wp\/v2\/users\/1"}],"replies":[{"embeddable":true,"href":"https:\/\/www.academiadelasartesescenicas.es\/escueladeverano\/wp-json\/wp\/v2\/comments?post=25"}],"version-history":[{"count":64,"href":"https:\/\/www.academiadelasartesescenicas.es\/escueladeverano\/wp-json\/wp\/v2\/pages\/25\/revisions"}],"predecessor-version":[{"id":1802,"href":"https:\/\/www.academiadelasartesescenicas.es\/escueladeverano\/wp-json\/wp\/v2\/pages\/25\/revisions\/1802"}],"wp:attachment":[{"href":"https:\/\/www.academiadelasartesescenicas.es\/escueladeverano\/wp-json\/wp\/v2\/media?parent=25"}],"curies":[{"name":"wp","href":"https:\/\/api.w.org\/{rel}","templated":true}]}}

<p></p>



<div class="wp-block-group"><div class="wp-block-group__inner-container is-layout-flow wp-block-group-is-layout-flow">
<div class="wp-block-columns is-layout-flex wp-container-core-columns-is-layout-9d6595d7 wp-block-columns-is-layout-flex">
<div class="wp-block-column is-layout-flow wp-block-column-is-layout-flow" style="flex-basis:100%">
<figure class="wp-block-embed is-type-video is-provider-youtube wp-block-embed-youtube wp-embed-aspect-16-9 wp-has-aspect-ratio"><div class="wp-block-embed__wrapper">
<iframe loading="lazy" title="Primera jornada Escuela de Verano 2022" width="1200" height="675" src="https://www.youtube.com/embed/kuvampmypqo?list=PLZXtR-hEcC_i7KPf_DBTcoP8XJnEMDheC" frameborder="0" allow="accelerometer; autoplay; clipboard-write; encrypted-media; gyroscope; picture-in-picture" allowfullscreen></iframe>
</div></figure>
</div>
</div>
</div></div>



<div class="wp-block-group"><div class="wp-block-group__inner-container is-layout-flow wp-block-group-is-layout-flow">
<p class="has-text-align-center">Un año más, la Academia de las Artes Escénicas de España plantea una&nbsp;actividad en su Escuela de Verano. Por cuarta vez, se produce la colaboración entre varias instituciones públicas para ofrecer un programa que une rigor, excelencia y entretenimiento, para que jóvenes de diversas comunidades participen en un proyecto de formación. Este año, Cantabria es la referencia ideal para, a partir de una personalidad tan destacada del mundo de la escena como <a href="https://www.academiadelasartesescenicas.es/escueladeverano/edicion-2021/">Santiago Ontañón</a>, considerar, junto a su condición de artista plástico de primer nivel, la actualidad de la escena social en sus formas más destacadas.</p>
</div></div>



<div class="wp-block-image"><figure class="aligncenter size-full is-resized"><img loading="lazy" decoding="async" src="https://www.academiadelasartesescenicas.es/escueladeverano/wp-content/uploads/2022/05/Logos-Home-web.png" alt="" class="wp-image-1400" width="1173" height="194" srcset="https://www.academiadelasartesescenicas.es/escueladeverano/wp-content/uploads/2022/05/Logos-Home-web.png 4360w, https://www.academiadelasartesescenicas.es/escueladeverano/wp-content/uploads/2022/05/Logos-Home-web-300x50.png 300w, https://www.academiadelasartesescenicas.es/escueladeverano/wp-content/uploads/2022/05/Logos-Home-web-1024x170.png 1024w, https://www.academiadelasartesescenicas.es/escueladeverano/wp-content/uploads/2022/05/Logos-Home-web-768x127.png 768w, https://www.academiadelasartesescenicas.es/escueladeverano/wp-content/uploads/2022/05/Logos-Home-web-1536x255.png 1536w, https://www.academiadelasartesescenicas.es/escueladeverano/wp-content/uploads/2022/05/Logos-Home-web-2048x340.png 2048w" sizes="auto, (max-width: 1173px) 100vw, 1173px" /></figure></div>



<div class="wp-block-buttons is-content-justification-center is-layout-flex wp-container-core-buttons-is-layout-16018d1d wp-block-buttons-is-layout-flex">
<div class="wp-block-button has-custom-width wp-block-button__width-50 has-custom-font-size is-style-outline has-medium-font-size is-style-outline--1"><a class="wp-block-button__link has-base-3-background-color has-background" href="https://www.academiadelasartesescenicas.es/escueladeverano/programa/" style="border-radius:0px" target="_blank" rel="noreferrer noopener">CONSULTA AQUÍ EL PROGRAMA</a></div>
</div>



<div style="height:60px" aria-hidden="true" class="wp-block-spacer"></div>
